-52
Let z(o) = -o**2 + 2275*o + 43607. Give z(-19).
21
Let q(n) = -4*n**2 - 562*n + 7966. Give q(13).
-16
Let p(q) = -121*q**2 - 36*q + 43. Determine p(2).
-513
Let t(n) = -1854*n - 6946. Determine t(-4).
470
Let d(v) = -302*v - 7110. Give d(-24).
138
Let m(j) = -1411*j + 12871. What is m(9)?
172
Let o(j) = 22*j**2 + 291*j - 1910. Determine o(8).
1826
Let i(q) = -8*q**2 + 2157*q - 100134. Give i(210).
36
Let j(o) = 35*o - 2191. Give j(65).
84
Let n(i) = 2*i**3 - 8*i**2 - 8*i - 94. Calculate n(6).
2
Let l(y) = -106*y**2 + 1215*y + 7699. Determine l(16).
3
Let z(r) = 4*r**2 - 683*r + 1250. Determine z(169).
67
Let q(c) = 80256*c - 401304. Calculate q(5).
-24
Let i(y) = -y**3 - 54*y**2 - 705*y + 335. Give i(-24).
-25
Let l(r) = 103*r + 23576. What is l(-233)?
-423
Let n(i) = i**3 + 11*i**2 - 326697*i - 3593669. Calculate n(-11).
-2
Let n(w) = w**3 - 36884*w**2 - 12*w + 27. Determine n(0).
27
Let o(g) = -2*g**3 + 37*g**2 - 108*g - 175. Calculate o(14).
77
Let s(j) = j**3 + 424*j**2 - 5366*j + 1601. Calculate s(12).
-7
Let s(x) = 166280*x + 831400. What is s(-5)?
0
Let q(s) = -57489*s - 38. Give q(0).
-38
Let v(b) = 2*b**2 + 98108*b + 1079007. What is v(-11)?
61
Let b(u) = u**3 + 251*u**2 + 241*u - 2614. Calculate b(-250).
-364
Let m(g) = -730*g + 108486. What is m(146)?
1906
Let y(c) = -2*c**3 + 710*c**2 - 33011*c + 3294. What is y(300)?
-6
Let y(d) = -7*d**2 + 391*d - 3321. What is y(45)?
99
Let k(f) = 2*f**2 + 165*f - 239. Give k(-76).
-1227
Let a(u) = -744*u + 13193. What is a(18)?
-199
Let g(l) = l**3 + 54*l**2 - 16*l + 1631. What is g(-55)?
-514
Let y(j) = -78*j**2 - 6941*j - 86. What is y(-89)?
-175
Let b(c) = -15*c**3 - 37*c**2 + 135*c + 6. Determine b(4).
-1006
Let a(p) = -p**3 - 328*p**2 - 1958*p - 163. Calculate a(-6).
-7
Let c(z) = -5*z**2 - 1551*z - 20734. What is c(-14)?
0
Let f(k) = -7*k**3 - 1318*k**2 - 381*k - 960. Calculate f(-188).
-20
Let v(o) = -3*o**3 + 47*o**2 - 3857*o + 53020. Give v(14).
2
Let k(n) = -108*n**2 + 12772*n - 12773. What is k(1)?
-109
Let i(f) = f**3 - 104*f**2 - 614*f - 4362. Determine i(110).
698
Let x(k) = -k**3 - 30*k**2 - 202721*k - 5674616. Calculate x(-28).
4
Let f(z) = -97*z**2 - 2227*z - 2315. Give f(-22).
-269
Let m(z) = 6*z**3 + 11*z**2 - 1246*z - 6237. Give m(-5).
-482
Let b(x) = -104*x - 1391. Give b(0).
-1391
Let z(i) = 503*i - 10803. Calculate z(21).
-240
Let i(l) = -8*l**3 + 9*l**2 - 19*l - 111. Determine i(-6).
2055
Let a(r) = 10*r**2 - 6243*r + 172618. Determine a(29).
-19
Let k(y) = y**3 - 74*y**2 + 1265*y - 1893. Calculate k(49).
67
Let a(c) = -6*c**3 + 792*c**2 - 53*c + 6997. What is a(132)?
1
Let m(d) = -208569*d + 1251428. Determine m(6).
14
Let b(s) = s**2 + 30593*s + 183487. Determine b(-6).
-35
Let q(k) = k**3 - 42*k**2 - 40*k + 908. Give q(42).
-772
Let s(g) = -6*g**2 - 771*g - 24756. Calculate s(-63).
3
Let f(u) = -1905*u**2 + 181*u + 157. What is f(-1)?
-1929
Let w(s) = -35329*s - 883225. Calculate w(-25).
0
Let m(l) = 2*l**3 - 26*l**2 + 107*l + 41. What is m(14)?
1931
Let z(v) = v**3 - 10*v**2 - 41*v + 41. Calculate z(16).
921
Let m(q) = -102*q**3 + 203*q**2 + 681*q - 1356. Calculate m(2).
2
Let p(f) = -22*f**2 + 2499*f - 59529. Calculate p(34).
5
Let l(h) = -3*h**2 - 599*h - 3098. What is l(-194)?
200
Let o(i) = -2776*i + 20803. Calculate o(7).
1371
Let t(d) = -116*d**2 - 128*d + 45. Calculate t(2).
-675
Let n(f) = -f**2 - 413*f + 17275. What is n(43)?
-2333
Let p(z) = -7659*z + 2129211. Determine p(278).
9
Let v(i) = 12*i**2 + 4091*i + 20113. Determine v(-5).
-42
Let v(n) = -33*n**2 + 496*n + 541. Give v(-1).
12
Let q(h) = -39*h**2 + 90341*h + 231899. Determine q(2319).
-1
Let g(o) = -8*o**3 + 39*o**2 - 60*o - 2. Determine g(6).
-686
Let a(k) = -21*k**2 + 23*k + 421. Calculate a(-5).
-219
Let v(l) = 2*l**2 - 537*l + 26340. Give v(204).
24
Let m(u) = u**3 - 199*u**2 - 795*u + 50. What is m(-4)?
-18
Let q(m) = 4298*m - 120068. Calculate q(28).
276
Let y(s) = 142*s**2 - 6795*s - 1017. Give y(48).
-9
Let j(l) = -7*l**2 + 3298*l - 3754. Calculate j(470).
6
Let o(c) = -58*c**2 - 1052*c - 104. Give o(-18).
40
Let w(h) = 30147*h + 30705. Calculate w(-1).
558
Let b(z) = 177*z**3 - 7*z**2 - 5*z - 15. Determine b(-3).
-4842
Let h(g) = 2*g**2 - 192*g + 1838. Give h(83).
-320
Let f(h) = 4736*h + 165832. What is f(-35)?
72
Let q(s) = -974*s - 3890. Calculate q(-3).
-968
Let c(s) = 74*s**2 + 2170*s + 5. Give c(-30).
1505
Let k(o) = o**3 - 14*o**2 - 88*o - 120. Give k(19).
13
Let j(r) = 68650*r + 8443959. Calculate j(-123).
9
Let z(i) = -i**3 + 6*i**2 + 768*i + 10886. Determine z(-15).
4091
Let g(c) = 40*c**2 + 12981*c - 6167. What is g(-325)?
8
Let m(y) = 205*y**3 + 9*y**2 - 1088*y + 1083. Calculate m(1).
209
Let a(i) = 5*i**3 - 43*i**2 - 113*i + 394. Determine a(10).
-36
Let c(z) = 1189*z**2 + 24967*z - 42. Give c(-21).
0
Let f(x) = 298*x**2 - 4691*x - 552. What is f(16)?
680
Let n(x) = -2*x**3 + 300*x**2 + 6*x - 902. What is n(150)?
-2
Let c(q) = -q**3 - 11*q**2 + 95*q - 58. What is c(6)?
-100
Let p(d) = -751*d + 5494. Give p(9).
-1265
Let s(q) = -6*q**2 - 63*q - 164. Calculate s(-9).
-83
Let m(s) = s**2 + 74*s + 1185. Calculate m(-24).
-15
Let m(b) = 30*b**2 + 27892*b - 7436. Determine m(-930).
4
Let g(q) = -3*q**2 - 169*q + 856. Give g(-63).
-404
Let b(y) = 125*y + 4712. Calculate b(-35).
337
Let i(v) = -1154*v**2 + 10381*v + 40. Determine i(9).
-5
Let q(i) = -85*i**3 + 2011*i**2 - 1304*i + 361. What is q(23)?
-7
Let i(k) = 644*k - 79888. Calculate i(124).
-32
Let y(j) = 7*j**2 + 72*j + 17. What is y(-14)?
381
Let j(l) = -37*l**2 - 1048*l - 283. Calculate j(-28).
53
Let q(o) = -7390*o - 1744034. Determine q(-236).
6
Let x(i) = 178*i**2 + 7312*i + 573. What is x(-41)?
-1
Let o(v) = -v**2 - 4853*v + 1671891. Give o(323).
43
Let i(y) = 759*y**2 + 9133*y + 16. What is i(-12)?
-284
Let z(a) = 75*a**2 + 156*a + 8. Determine z(-1).
-73
Let g(j) = 7739*j + 1315637. Determine g(-170).
7
Let o(f) = -f**2 - 21464*f + 666389. What is o(31)?
44
Let u(a) = 273*a**2 + 955*a + 467. Calculate u(-3).
59
Let c(a) = 7*a**3 - 305*a**2 + 2591*a + 35. Determine c(32).
3
Let m(p) = -215*p**2 - 4088*p - 67. Determine m(-19).
-10
Let w(y) = -3811*y + 858. What is w(0)?
858
Let v(x) = -3905*x + 956728. Determine v(245).
3
Let f(n) = 1407*n - 208229. Determine f(148).
7
Let s(k) = 97195*k + 874768. Calculate s(-9).
13
Let j(c) = c**2 + 60*c + 1775. What is j(-38)?
939
Let o(n) = 2*n**3 + 22*n**2 + 5710*n + 68806. Calculate o(-12).
-2
Let j(l) = -2*l**2 + 119*l - 2935. Determine j(49).
-1906
Let h(u) = 3803*u**2 - 38035*u + 18. Calculate h(10).
-32
Let b(h) = -h**2 + 54667*h - 1366071. Give b(25).
-21
Let f(t) = t**3 + 77*t**2 - 43*t + 2717. What is f(-78)?
-13
Let x(k) = k**3 - 147*k**2 - 320*k + 3315. Determine x(149).
37
Let n(m) = -11*m**2 + 16063*m + 6. What is n(0)?
6
Let i(t) = -t**3 + 2*t**2 + 2209*t. Give i(48).
48
Let v(o) = 916*o + 130912. Give v(-143).
-76
Let q(j) = -j**3 - 157*j**2 - 6093*j - 229. Determine q(-70).
-19
Let j(l) = 7*l**3 + 37*l**2 + 15*l - 84. Calculate j(-5).
-109
Let g(l) = 2*l**2 + 72*l + 599. Calculate g(-10).
79
Let y(p) = 17864*p + 446597. Give y(-25).
-3
Let j(h) = -73*h**3 - 787*h**2 - 1570*h - 7. Give j(-2).
569
Let v(x) = 6000*x + 53605. Determine v(-9).
-395
Let s(h) = 310*h + 20835. Calculate s(-66).
375
Let q(r) = -2*r**2 + 906*r - 74974. Calculate q(344).
18
Let d(z) = z**3 + 30*z**2 - 25*z - 2170. Determine d(-28).
98
Let d(w) = w**3 + 9*w**2 - 3210*w + 60751. Calculate d(32).
15
Let a(l) = -4*l**2 - 83*l - 484. What is a(-21)?
-505
Let j(i) = -102*i**2 - 144*i - 95. Calculate j(-1).
-53
Let g(k) = k**2 - 18496*k - 630145. What is g(-34)?
-125
Let f(h) = -7111*h + 739531. Calculate f(104).
-13
Let l(t) = -t**3 - 137*t**2 - 1046*t - 17663. Determine l(-130).
17
Let k(c) = -479595*c + 20622587. Give k(43).
2
Let x(g) = 13*g**2 - 187*g + 310. What is x(12)?
-62
Let n(z) = -3*z**2 + 1265*z + 92154. What is n(485)?
4
Let m(z) = 3215*z + 250677. Calculate m(-78).
-93
Let y(m) = m**3 - 27*m**2 + 164*m + 75. Calculate y(5).
345
Let s(n) = -n**3 - 16*n**2 - 722*n - 4681. Give s(-7).
-68
Let g(q) = q**3 - 7*q**2 + 27632*q - 138113. Give g(5).
-3
Let t(c) = 6*c**2 - 18*c + 13. Give t(6).
121
Let v(c) = 2508*c + 135145. What is v(-54)?
-287
Let s(h) = 4*h**2 + 52*h - 1332. Determin